{"id":2020465,"date":"2020-11-30T13:01:51","date_gmt":"2020-11-30T13:01:51","guid":{"rendered":"https:\/\/forloveatart.com\/?post_type=product&#038;p=2020465"},"modified":"2021-03-29T08:10:04","modified_gmt":"2021-03-29T08:10:04","slug":"los-tres-elementos","status":"publish","type":"product","link":"https:\/\/forloveatart.com\/en\/producto\/los-tres-elementos\/","title":{"rendered":"Los tres elementos"},"content":{"rendered":"<p>Fot\u00f3grafa vallisoletana 10\/02\/1963\/ y mallorquina de adopci\u00f3n desde finales de los 80.<\/p>\n<p>Su primer trabajo en Mallorca fue de buceadora de perlas, \u00a0prediciendo su relaci\u00f3n con el agua.<\/p>\n<p>Curso estudios en la Escuela superior de dise\u00f1o de las Islas Baleares y se titul\u00f3 como T\u00e9cnica Superior de Fotograf\u00eda Art\u00edstica.<\/p>\n<p>Ha participado en varias exposiciones colectivas.<\/p>\n<p>Su c\u00e1mara le ha acompa\u00f1ado por diferentes geograf\u00edas plasmando sus paisajes. Las dos Am\u00e9ricas, desde Ushuaia a Iguaz\u00fa. Glaciares, punas, salares, desiertos y cataratas. De M\u00e9xico a Canad\u00e1. Ocelotes, ruinas mayas, playas e islas del caribe, las dos costas norteamericanas, bosques y praderas. La India del norte y el sur. La costa turca, griega, d\u00e1lmata, amalfitana y azul. La normanda y la bretona. Los fiordos noruegos. Agua, mucha agua.<\/p>\n<p>Desde 2013 empez\u00f3 a fotografiar el fondo marino y pudo as\u00ed aunar sus dos pasiones, el mar y la fotograf\u00eda cerrando as\u00ed el c\u00edrculo. Comenz\u00f3 de buceadora de perlas y ahora bucea buscando im\u00e1genes con la m\u00e1gica luz marina.<\/p>\n","protected":false},"excerpt":{"rendered":"<p>Fotograf\u00eda, impresi\u00f3n Gicl\u00e9e 12 tintas pigmentadas sobre papel Hahnem\u00fchle , la mancha mide 34cm. x25,5 cm.\u00a0 y tiene un margen blanco , el tama\u00f1o total es de 33,5 cm. de alto por 42 cm. de largo. La numeraci\u00f3n es 1\/ 50.<\/p>\n","protected":false},"featured_media":2020466,"template":"","meta":[],"product_brand":[],"product_cat":[614,628,644],"product_tag":[141,640,656],"class_list":{"0":"post-2020465","1":"product","2":"type-product","3":"status-publish","4":"has-post-thumbnail","6":"product_cat-artistas","7":"product_cat-beatriz-garcia-infante","8":"product_cat-fotografia","9":"product_tag-arte-contemporaneo","10":"product_tag-paisaje-mediterraneo","11":"product_tag-paisaje-subacuatico","12":"product_shipping_class-caja","13":"pa_artistas-verificados-beatriz-g-infante","14":"pa_disciplina-fotografia","15":"pa_estilo-fotografia-subacuatica-2","16":"pa_orientacion-horizontal","17":"pa_tecnica-fotografia","18":"pa_tema-la-vida-en-el-fondo-del-mar","21":"instock","22":"shipping-taxable","23":"purchasable","24":"product-type-simple"},"_links":{"self":[{"href":"https:\/\/forloveatart.com\/en\/wp-json\/wp\/v2\/product\/2020465","targetHints":{"allow":["GET"]}}],"collection":[{"href":"https:\/\/forloveatart.com\/en\/wp-json\/wp\/v2\/product"}],"about":[{"href":"https:\/\/forloveatart.com\/en\/wp-json\/wp\/v2\/types\/product"}],"version-history":[{"count":0,"href":"https:\/\/forloveatart.com\/en\/wp-json\/wp\/v2\/product\/2020465\/revisions"}],"wp:featuredmedia":[{"embeddable":true,"href":"https:\/\/forloveatart.com\/en\/wp-json\/wp\/v2\/media\/2020466"}],"wp:attachment":[{"href":"https:\/\/forloveatart.com\/en\/wp-json\/wp\/v2\/media?parent=2020465"}],"wp:term":[{"taxonomy":"product_brand","embeddable":true,"href":"https:\/\/forloveatart.com\/en\/wp-json\/wp\/v2\/product_brand?post=2020465"},{"taxonomy":"product_cat","embeddable":true,"href":"https:\/\/forloveatart.com\/en\/wp-json\/wp\/v2\/product_cat?post=2020465"},{"taxonomy":"product_tag","embeddable":true,"href":"https:\/\/forloveatart.com\/en\/wp-json\/wp\/v2\/product_tag?post=2020465"}],"curies":[{"name":"wp","href":"https:\/\/api.w.org\/{rel}","templated":true}]}}

<p>Fotógrafa vallisoletana 10/02/1963/ y mallorquina de adopción desde finales de los 80.</p>
<p>Su primer trabajo en Mallorca fue de buceadora de perlas,  prediciendo su relación con el agua.</p>
<p>Curso estudios en la Escuela superior de diseño de las Islas Baleares y se tituló como Técnica Superior de Fotografía Artística.</p>
<p>Ha participado en varias exposiciones colectivas.</p>
<p>Su cámara le ha acompañado por diferentes geografías plasmando sus paisajes. Las dos Américas, desde Ushuaia a Iguazú. Glaciares, punas, salares, desiertos y cataratas. De México a Canadá. Ocelotes, ruinas mayas, playas e islas del caribe, las dos costas norteamericanas, bosques y praderas. La India del norte y el sur. La costa turca, griega, dálmata, amalfitana y azul. La normanda y la bretona. Los fiordos noruegos. Agua, mucha agua.</p>
<p>Desde 2013 empezó a fotografiar el fondo marino y pudo así aunar sus dos pasiones, el mar y la fotografía cerrando así el círculo. Comenzó de buceadora de perlas y ahora bucea buscando imágenes con la mágica luz marina.</p>

<p>Fotografía, impresión Giclée 12 tintas pigmentadas sobre papel Hahnemühle , la mancha mide 34cm. x25,5 cm.  y tiene un margen blanco , el tamaño total es de 33,5 cm. de alto por 42 cm. de largo. La numeración es 1/ 50.</p>
