{"id":2022364,"date":"2021-03-16T03:16:02","date_gmt":"2021-03-16T03:16:02","guid":{"rendered":"https:\/\/forloveatart.com\/?post_type=product&#038;p=2022364"},"modified":"2021-03-25T10:39:54","modified_gmt":"2021-03-25T10:39:54","slug":"espacio","status":"publish","type":"product","link":"https:\/\/forloveatart.com\/en\/producto\/espacio\/","title":{"rendered":"Espacio"},"content":{"rendered":"<p dir=\"ltr\" data-mce-style=\"line-height: 1.38; text-align: justify; margin-top: 0pt; margin-bottom: 0pt;\" style=\"line-height: 1.38; text-align: justify; margin-top: 0pt; margin-bottom: 0pt;\"><span data-mce-style=\"font-size: 11pt; font-family: Arial; color: #000000; background-color: transparent; font-weight: 400; font-style: normal; font-variant: normal; text-decoration: none; vertical-align: baseline; white-space: pre-wrap;\" style=\"font-size: 11pt; font-family: Arial; color: rgb(0, 0, 0); vertical-align: baseline; white-space: pre-wrap; background-color: transparent;\">Mis\u00a0 obras son clim\u00e1ticas, de cierta composici\u00f3n arquitect\u00f3nica, fragmentos de espacios que despu\u00e9s se transforman en incongruencia, algo desolados, carentes de movimiento, que proponen al espectador recorrerlos.<\/span><\/p>\n<p dir=\"ltr\" data-mce-style=\"line-height: 1.38; text-align: justify; margin-top: 0pt; margin-bottom: 0pt;\" style=\"line-height: 1.38; text-align: justify; margin-top: 0pt; margin-bottom: 0pt;\"><span data-mce-style=\"font-size: 11pt; font-family: Arial; color: #000000; background-color: transparent; font-weight: 400; font-style: normal; font-variant: normal; text-decoration: none; vertical-align: baseline; white-space: pre-wrap;\" style=\"font-size: 11pt; font-family: Arial; color: rgb(0, 0, 0); vertical-align: baseline; white-space: pre-wrap; background-color: transparent;\">Me interesa que devuelvan misterio, asociado a la tensi\u00f3n provocada por el desaf\u00edo a las leyes de la construcci\u00f3n, provocando ambig\u00fcedad, algo inc\u00f3modo, una manera de llegar a la intriga. Hay un juego entre lo plano y el volumen espacial que provoca cierta tensi\u00f3n visual.<\/span><\/p>\n<p dir=\"ltr\" style=\"line-height: 1.38; text-align: justify; margin-top: 0pt; margin-bottom: 0pt;\" data-mce-style=\"line-height: 1.38; text-align: justify; margin-top: 0pt; margin-bottom: 0pt;\"><span style=\"font-size: 11pt; font-family: Arial; color: #000000; background-color: transparent; font-weight: 400; font-style: normal; font-variant: normal; text-decoration: none; vertical-align: baseline; white-space: pre-wrap;\" data-mce-style=\"font-size: 11pt; font-family: Arial; color: #000000; background-color: transparent; font-weight: 400; font-style: normal; font-variant: normal; text-decoration: none; vertical-align: baseline; white-space: pre-wrap;\"><span style=\"font-size: 11pt; line-height: 1.38; background-color: transparent;\" data-mce-style=\"font-size: 11pt; line-height: 1.38; background-color: transparent;\">La paleta ficticia, el juego de sombras proyectadas, luces que ba\u00f1an las paredes, son desviaciones que construyen el enigma.<\/span>El tratamiento pict\u00f3rico del \u00f3leo sobre el papel, deviene en un lenguaje particular, aterciopelado, donde las pinceladas se esfuman, con una apariencia pulcra y meticulosamente controlada.<\/span><\/p>\n<p dir=\"ltr\" style=\"line-height: 1.38; text-align: justify; margin-top: 0pt; margin-bottom: 0pt;\" data-mce-style=\"line-height: 1.38; text-align: justify; margin-top: 0pt; margin-bottom: 0pt;\"><\/p>\n","protected":false},"excerpt":{"rendered":"<p dir=\"ltr\" style=\"line-height: 1.38; text-align: justify; margin-top: 0pt; margin-bottom: 0pt;\" data-mce-style=\"line-height: 1.38; text-align: justify; margin-top: 0pt; margin-bottom: 0pt;\"><span style=\"font-size: 11pt; font-family: Arial; color: #000000; background-color: transparent; font-weight: 400; font-style: normal; font-variant: normal; text-decoration: none; vertical-align: baseline; white-space: pre-wrap;\" data-mce-style=\"font-size: 11pt; font-family: Arial; color: #000000; background-color: transparent; font-weight: 400; font-style: normal; font-variant: normal; text-decoration: none; vertical-align: baseline; white-space: pre-wrap;\"><span style=\"font-size: 13px; line-height: normal;\" data-mce-style=\"font-size: 13px; line-height: normal;\">Oleo sobre papel, 76x56cm, 2017. <\/span><\/span><\/p>\n<p dir=\"ltr\" style=\"line-height: 1.38; text-align: justify; margin-top: 0pt; margin-bottom: 0pt;\" data-mce-style=\"line-height: 1.38; text-align: justify; margin-top: 0pt; margin-bottom: 0pt;\"><span style=\"font-size: 11pt; font-family: Arial; color: #000000; background-color: transparent; font-weight: 400; font-style: normal; font-variant: normal; text-decoration: none; vertical-align: baseline; white-space: pre-wrap;\" data-mce-style=\"font-size: 11pt; font-family: Arial; color: #000000; background-color: transparent; font-weight: 400; font-style: normal; font-variant: normal; text-decoration: none; vertical-align: baseline; white-space: pre-wrap;\"><span style=\"font-size: 13px; line-height: normal;\" data-mce-style=\"font-size: 13px; line-height: normal;\">O<\/span><span style=\"line-height: normal; font-size: 11px;\" data-mce-style=\"line-height: normal; font-size: 11px;\">bra seleccionada en la disciplina Pintura en el Concurso de la Universidad de Belgrano (25 edici\u00f3n) a la Creaci\u00f3n Art\u00edstica y participacion de la muestra durante La Noche de los Museos. 2017, BUENOS AIRES, ARGENTINA.<\/span><\/span><\/p>\n<p dir=\"ltr\" style=\"line-height: 1.38; text-align: justify; margin-top: 0pt; margin-bottom: 0pt;\" data-mce-style=\"line-height: 1.38; text-align: justify; margin-top: 0pt; margin-bottom: 0pt;\"><\/p>\n","protected":false},"featured_media":2022648,"template":"","meta":[],"product_brand":[],"product_cat":[614,897,177],"product_tag":[894,892,896,893,895,169,891,175],"class_list":{"0":"post-2022364","1":"product","2":"type-product","3":"status-publish","4":"has-post-thumbnail","6":"product_cat-artistas","7":"product_cat-mercedes-granel","8":"product_cat-paintings","9":"product_tag-argentina","10":"product_tag-arteargentino","11":"product_tag-artelatinoamricano","12":"product_tag-artistaargentina","13":"product_tag-lationamerica","14":"product_tag-oleo","15":"product_tag-papel","16":"product_tag-pintura","17":"product_shipping_class-caja","18":"pa_artistas-verificados-mercedes-granel","19":"pa_disciplina-pintura","20":"pa_estilo-figurativo","21":"pa_orientacion-vertical","22":"pa_tecnica-oleo","23":"pa_tecnica-papel","24":"pa_tema-arquitectura","27":"instock","28":"sold-individually","29":"shipping-taxable","30":"purchasable","31":"product-type-simple"},"_links":{"self":[{"href":"https:\/\/forloveatart.com\/en\/wp-json\/wp\/v2\/product\/2022364","targetHints":{"allow":["GET"]}}],"collection":[{"href":"https:\/\/forloveatart.com\/en\/wp-json\/wp\/v2\/product"}],"about":[{"href":"https:\/\/forloveatart.com\/en\/wp-json\/wp\/v2\/types\/product"}],"version-history":[{"count":0,"href":"https:\/\/forloveatart.com\/en\/wp-json\/wp\/v2\/product\/2022364\/revisions"}],"wp:featuredmedia":[{"embeddable":true,"href":"https:\/\/forloveatart.com\/en\/wp-json\/wp\/v2\/media\/2022648"}],"wp:attachment":[{"href":"https:\/\/forloveatart.com\/en\/wp-json\/wp\/v2\/media?parent=2022364"}],"wp:term":[{"taxonomy":"product_brand","embeddable":true,"href":"https:\/\/forloveatart.com\/en\/wp-json\/wp\/v2\/product_brand?post=2022364"},{"taxonomy":"product_cat","embeddable":true,"href":"https:\/\/forloveatart.com\/en\/wp-json\/wp\/v2\/product_cat?post=2022364"},{"taxonomy":"product_tag","embeddable":true,"href":"https:\/\/forloveatart.com\/en\/wp-json\/wp\/v2\/product_tag?post=2022364"}],"curies":[{"name":"wp","href":"https:\/\/api.w.org\/{rel}","templated":true}]}}

<p dir="ltr" data-mce-style="line-height: 1.38; text-align: justify; margin-top: 0pt; margin-bottom: 0pt;" style="line-height: 1.38; text-align: justify; margin-top: 0pt; margin-bottom: 0pt;"><span data-mce-style="font-size: 11pt; font-family: Arial; color: #000000; background-color: transparent; font-weight: 400; font-style: normal; font-variant: normal; text-decoration: none; vertical-align: baseline; white-space: pre-wrap;" style="font-size: 11pt; font-family: Arial; color: rgb(0, 0, 0); vertical-align: baseline; white-space: pre-wrap; background-color: transparent;">Mis  obras son climáticas, de cierta composición arquitectónica, fragmentos de espacios que después se transforman en incongruencia, algo desolados, carentes de movimiento, que proponen al espectador recorrerlos.</span></p>
<p dir="ltr" data-mce-style="line-height: 1.38; text-align: justify; margin-top: 0pt; margin-bottom: 0pt;" style="line-height: 1.38; text-align: justify; margin-top: 0pt; margin-bottom: 0pt;"><span data-mce-style="font-size: 11pt; font-family: Arial; color: #000000; background-color: transparent; font-weight: 400; font-style: normal; font-variant: normal; text-decoration: none; vertical-align: baseline; white-space: pre-wrap;" style="font-size: 11pt; font-family: Arial; color: rgb(0, 0, 0); vertical-align: baseline; white-space: pre-wrap; background-color: transparent;">Me interesa que devuelvan misterio, asociado a la tensión provocada por el desafío a las leyes de la construcción, provocando ambigüedad, algo incómodo, una manera de llegar a la intriga. Hay un juego entre lo plano y el volumen espacial que provoca cierta tensión visual.</span></p>
<p dir="ltr" style="line-height: 1.38; text-align: justify; margin-top: 0pt; margin-bottom: 0pt;" data-mce-style="line-height: 1.38; text-align: justify; margin-top: 0pt; margin-bottom: 0pt;"><span style="font-size: 11pt; font-family: Arial; color: #000000; background-color: transparent; font-weight: 400; font-style: normal; font-variant: normal; text-decoration: none; vertical-align: baseline; white-space: pre-wrap;" data-mce-style="font-size: 11pt; font-family: Arial; color: #000000; background-color: transparent; font-weight: 400; font-style: normal; font-variant: normal; text-decoration: none; vertical-align: baseline; white-space: pre-wrap;"><span style="font-size: 11pt; line-height: 1.38; background-color: transparent;" data-mce-style="font-size: 11pt; line-height: 1.38; background-color: transparent;">La paleta ficticia, el juego de sombras proyectadas, luces que bañan las paredes, son desviaciones que construyen el enigma.</span>El tratamiento pictórico del óleo sobre el papel, deviene en un lenguaje particular, aterciopelado, donde las pinceladas se esfuman, con una apariencia pulcra y meticulosamente controlada.</span></p>
<p dir="ltr" style="line-height: 1.38; text-align: justify; margin-top: 0pt; margin-bottom: 0pt;" data-mce-style="line-height: 1.38; text-align: justify; margin-top: 0pt; margin-bottom: 0pt;"></p>

<p dir="ltr" style="line-height: 1.38; text-align: justify; margin-top: 0pt; margin-bottom: 0pt;" data-mce-style="line-height: 1.38; text-align: justify; margin-top: 0pt; margin-bottom: 0pt;"><span style="font-size: 11pt; font-family: Arial; color: #000000; background-color: transparent; font-weight: 400; font-style: normal; font-variant: normal; text-decoration: none; vertical-align: baseline; white-space: pre-wrap;" data-mce-style="font-size: 11pt; font-family: Arial; color: #000000; background-color: transparent; font-weight: 400; font-style: normal; font-variant: normal; text-decoration: none; vertical-align: baseline; white-space: pre-wrap;"><span style="font-size: 13px; line-height: normal;" data-mce-style="font-size: 13px; line-height: normal;">Oleo sobre papel, 76x56cm, 2017. </span></span></p>
<p dir="ltr" style="line-height: 1.38; text-align: justify; margin-top: 0pt; margin-bottom: 0pt;" data-mce-style="line-height: 1.38; text-align: justify; margin-top: 0pt; margin-bottom: 0pt;"><span style="font-size: 11pt; font-family: Arial; color: #000000; background-color: transparent; font-weight: 400; font-style: normal; font-variant: normal; text-decoration: none; vertical-align: baseline; white-space: pre-wrap;" data-mce-style="font-size: 11pt; font-family: Arial; color: #000000; background-color: transparent; font-weight: 400; font-style: normal; font-variant: normal; text-decoration: none; vertical-align: baseline; white-space: pre-wrap;"><span style="font-size: 13px; line-height: normal;" data-mce-style="font-size: 13px; line-height: normal;">O</span><span style="line-height: normal; font-size: 11px;" data-mce-style="line-height: normal; font-size: 11px;">bra seleccionada en la disciplina Pintura en el Concurso de la Universidad de Belgrano (25 edición) a la Creación Artística y participacion de la muestra durante La Noche de los Museos. 2017, BUENOS AIRES, ARGENTINA.</span></span></p>
<p dir="ltr" style="line-height: 1.38; text-align: justify; margin-top: 0pt; margin-bottom: 0pt;" data-mce-style="line-height: 1.38; text-align: justify; margin-top: 0pt; margin-bottom: 0pt;"></p>
